
Suppose 40*o = 45*o + 26415. Is (3 - 1) + (-1)/(3/o) a prime number?
False
Suppose -14 = -4*k + 14. Suppose -4 = p - 3, 0 = 4*q - 4*p - 127324. Suppose k*l = l + q. Is l composite?
True
Suppose 0 = 3*v + 3*c - c + 1, -2*c = 10. Suppose b - 19 + 4 = 3*d, -v*b + 25 = -5*d. Suppose 3*o = -o + 2*y + 790, 4*y - 12 = b. Is o prime?
True
Suppose -q + 119*h - 117*h + 159649 = 0, q - 159649 = -2*h. Is q a composite number?
True
Suppose -24 = -11*b + 284. Suppose b*d - 22*d = 4470. Is d prime?
False
Let m(u) = 1086*u - 353. Is m(6) a prime number?
True
Let f = 28 - 33. Let s be 5 + f + (3 - 0). Is (9655/20)/((-1)/(-4)) + s prime?
False
Suppose 45 = 6*w + 15. Suppose h + h = w*o + 27297, 5*h = -4*o + 68193. Is h a composite number?
True
Suppose -2 = 2*m + 4. Let y = 2322 - 2352. Is (-1594)/((-2)/m - (-80)/y) composite?
False
Let u = 20555 + -3822. Is u a composite number?
True
Suppose -3*q - 5*r + 26 = 0, 3 = -3*q + r + 41. Is (-295)/(-354) + 163346/q a prime number?
True
Let d(l) = -43*l - 28*l - 45*l + 3*l**2 + 155 + 89*l. Is d(51) prime?
True
Let p = 284 + -278. Is (196/(-21))/(-7) - (-21874)/p a composite number?
True
Let g(x) = 108*x**2 + 6*x + 2. Let d be g(-2). Suppose 0 = 4*q - 2*q - d. Is q a composite number?
False
Let j = 942434 + 152349. Is j prime?
False
Let c be (((-45)/(-10))/(-9))/((-3)/414). Is (5 - 4)*c + -4 a prime number?
False
Let v(p) be the third derivative of -53*p**6/120 - p**5/12 + p**4/8 - 5*p**3/6 - 44*p**2. Let u be v(2). Is (2 - 1 - 5)*u/4 a composite number?
False
Suppose 0 = c + 4 - 1, -3*h - c + 1797 = 0. Suppose -52*q + 44*q = h. Let j = 2629 + q. Is j a composite number?
True
Let o = 15 + -10. Suppose 1 = r, -1 = o*y - r - 0. Is (-61880)/(-98) + (-6)/14 + y prime?
True
Suppose 5*l = -5*a + 39975, -4*l + 18404 = -a - 13566. Is l a prime number?
True
Let y be 4 + -4 + (2364 - (-2 + -1)). Suppose y = 5*f + 342. Suppose -z + 3*o - 98 = -f, 3*z = -3*o + 897. Is z composite?
True
Let m = -600 - -611. Let q(h) = 43*h**2 - 18*h + 72. Is q(m) composite?
False
Let h = 232 - 150. Let n be 3*h*(-7)/(-3). Suppose 0 = 2*b - 3*c + 4*c - n, 4*b - 5*c = 1148. Is b composite?
True
Suppose -4*q - 306514 = -5*q - 25*q. Is q prime?
True
Suppose 5*m - 1154825 = -19*m - 11*m. Is m a prime number?
False
Is (-11972118)/(-30) + (-182)/(-455) a composite number?
False
Let q(z) = 376*z + 9. Let c(m) = 375*m + 8. Let a(v) = -6*c(v) + 7*q(v). Is a(4) a composite number?
False
Let s be (1/(-3)*-4)/((-107)/(-642)). Is (-2)/(-4)*3216/s composite?
True
Let q = 1330 + 1487. Suppose 4*p + q = 7*p. Suppose o - 409 = -5*l - 112, 3*o - p = -3*l. Is o a prime number?
True
Suppose 25*m - 30*m + 20 = 0. Suppose m*p + 4 = 20. Let o(c) = 7*c**3 + c**2 + c - 1. Is o(p) a prime number?
True
Let h(g) = 4*g**3 + 2*g - 59 + 8*g**3 + 16*g - 18*g**2 - 10*g**3. Is h(20) a prime number?
False
Suppose 0 = -5*k - 0*k + 930. Let i = -114 + k. Suppose 0 = -9*y + i + 45. Is y a composite number?
False
Let p(l) = 168*l**2 + 38*l - 700. Is p(33) prime?
False
Suppose -52*w + 286742 = -15*w - 257121. Is w composite?
False
Let f = 576297 + -131154. Is f a prime number?
False
Is (-2744226)/(-135) + (-7)/(-5) prime?
False
Suppose 2*w - 49253 = v, 2*w - 46725 = -3*v + 2532. Is w a prime number?
False
Let b = 36720 - 8607. Suppose 4*g + 4*z + 1221 - 23705 = 0, 5*g - b = -z. Is g a prime number?
True
Is (-677439)/(-42)*-1*4/(-6) composite?
False
Let r be (6/(-5))/(8/(-20)). Suppose -3*h - p - 2 = 1, 2*p + 6 = -r*h. Suppose h*s + s = 3*v - 1177, 5*s = -2*v + 762. Is v a composite number?
True
Let o(c) be the second derivative of -17*c**5/60 + 43*c**4/24 - 35*c**3/6 - 25*c. Let u(f) be the second derivative of o(f). Is u(-15) a composite number?
True
Let s(v) = 76*v + 13. Let l(q) = -q - 15. Let i be l(-17). Suppose i = -4*f + 26. Is s(f) a composite number?
True
Let j(r) = 1110*r**2 - 3*r + 2. Let s(g) = 80*g - 3 + g**2 - 79*g + 4. Let h be s(0). Is j(h) composite?
False
Is (-8091916)/88*-2 - (2 + (-20)/11) composite?
False
Suppose -4*w = c - 114363, -c - 5*w - 57715 = -172076. Is c prime?
True
Let k = -11289 + 22728. Suppose 2*v = 2*a - 5718, -v - k = 3*v - 5*a. Let c = -1667 - v. Is c prime?
False
Suppose -318*a - 7130 = -323*a. Let k = -795 + a. Is k a prime number?
True
Is (-6 - 68/(-12))*(-2386 + 25) composite?
False
Let j(w) = 3492*w - 13. Let m be j(5). Suppose d = -3*i + 26187, -3*d - m = -2*i - 0*i. Suppose -i = -7*z + 14169. Is z a prime number?
True
Suppose -4*q + 62 = -18. Suppose 0 = 8*b - 84 - q. Suppose b*y - 8*y - 1315 = 0. Is y composite?
False
Suppose 1962*l - 1963*l = 4*z - 76477, 0 = -4*l - 5*z + 305842. Is l composite?
True
Is 11 - (13696010/(3 + -13) + 5) a prime number?
True
Suppose -3*c + 8*b - 6*b = -507110, -2*c - 2*b + 338090 = 0. Suppose 4*y + 0*y = 4*t + c, y = 5*t + 42264. Is y a composite number?
True
Let c be (56933 - 1)*2/(4 - 0). Suppose c - 6787 = -7*p. Let o = -1695 - p. Is o a composite number?
True
Suppose 15*u - 11*u = 20, 135 = -5*i - u. Let g(r) = r**3 + 30*r**2 + 38*r - 11. Is g(i) a composite number?
True
Let z(n) = 15*n**3 + 2*n**2 + 17 - 4*n + 4*n**2 - 23*n**3. Is z(-8) composite?
True
Suppose 4*f + 21 = 5*g, -5*g - 3 = 3*f - f. Let n be (-614)/f*(-364)/14. Let z = n - -6818. Is z a composite number?
True
Let x = -1635 + 1640. Let n(y) = 279*y + 82. Let h(r) = 418*r + 123. Let p(s) = -5*h(s) + 8*n(s). Is p(x) prime?
True
Let u(i) = -501*i**3 - 3*i**2 + 4*i + 2. Let t be u(2). Let x = t - -5959. Is x composite?
False
Let l = 752 - 331. Suppose 103 = -6*t + l. Is t prime?
True
Let o(x) = 884*x**2 + 37*x - 205. Is o(-12) a composite number?
True
Let p = -265 - -269. Suppose 5*o - 23206 = -3*n - 0*n, -30949 = -p*n + o. Is n composite?
True
Suppose -8*f + 2398 = -2834. Suppose g - 1 = f. Is g prime?
False
Let d be (-4)/(-42)*3 + 768/(-336). Let f(u) = 16*u**2 + 3*u + 4. Let g be f(d). Suppose -g*w = -66*w + 1172. Is w composite?
False
Suppose 0 = -3*m - m + 8, 0 = -w + 3*m + 835. Suppose 0 = 6*x + w - 2851. Is x prime?
False
Let h(l) = 11354*l + 6. Let q be h(4). Suppose -94*u - q = -107*u. Is u a prime number?
False
Is 6 - ((-60)/70 + 56407*88/(-28)) composite?
True
Suppose -1168 = 4*g - 4*c, -5*g = -0*c + c + 1484. Let p be (-7 - g/(-24))/((-2)/3). Suppose -p = -2*h + 3*d, 9*h - 11*h + 23 = -5*d. Is h a prime number?
True
Let a(d) = 16838*d**2 + 143*d - 519. Is a(4) a composite number?
False
Let q be ((-8)/(-10))/(6/15). Suppose q*j = -2 - 0. Let y(s) = 214*s**2 - 2*s - 1. Is y(j) a composite number?
True
Let o(g) = -6*g - 49. Let h be 1/2 + (-174)/12. Let z be o(h). Suppose -2*q = 3*j - 159, 2*q = -2*j + z + 71. Is j prime?
True
Suppose 12111 = v + 4*q - 33468, 0 = -5*v - 5*q + 227970. Is v composite?
False
Suppose 0 = 13*l - 40 + 27. Is 41015/26 - (l + (-5)/2) prime?
True
Let h(p) = -p**3 + 152*p**2 - 467*p + 177. Is h(122) prime?
True
Let c = 97747 - 58242. Is c a composite number?
True
Let q = -231 + 66. Is (2 + 62234/(-4))*110/q a composite number?
True
Let p be (-4)/22 - (-12)/66. Suppose 0 = -p*l - l. Suppose l = -4*y - 34 + 2710. Is y composite?
True
Suppose 3*s - 123*w - 752093 = -127*w, 16 = -4*w. Is s a prime number?
True
Let p = -205353 + 1173598. Is p a prime number?
False
Let n be 2 + (4 + -1 - 4). Suppose n + 4 = 5*z. Let i(a) = 347*a**2 - a + 1. Is i(z) a prime number?
True
Let t(v) = -1. Let i(k) = 79*k**2 + 6*k. Suppose 0 = 5*q, -c + 2*q = 7*q - 1. Let z(l) = c*i(l) + 2*t(l). Is z(-3) prime?
True
Let g be 617/(-4) - (-60)/(-80). Let x = g - -155. Suppose -2*c + u + 3313 = -4*u, 4*u - 20 = x. Is c composite?
False
Suppose -8*y + 12*z = 14*z - 21766, 5*y = z + 13588. Is y composite?
False
Suppose 3*k + 12 = 0, 4*m = -3*k + 5693 + 31283. Let o = 4503 - m. Let i = o + 11977. Is i composite?
True
Suppose 0 = 2*s + 4*u - 0*u - 109914, -4*s = -4*u - 219804. Is s a prime number?
False
Suppose -m + 182 = 2*i, 2*i = -0*m - 3*m + 178. Is (952/(-4) - 1)/((-4)/i) composite?
True
Let m = -3648 + 7468. Suppose 0 = 63*t - 56*t - 45003. Let n = t - m. Is n a prime number?
True
Suppose h + 8*h = -9*h + 2645154. Is h a composite number?
False
Suppose -12*v + b = -11*v - 72534, -4*v + 290133 = -b. Is v composite?
False
Suppose -707 = -9*i + 769. Suppose 2*t - 12042 = x + i, 4*t - 24412 = 3*x. Is t prime?
False
Is 10/(-4) - (-3405018)/284 comp